{"id":13707,"date":"2020-02-02T22:00:14","date_gmt":"2020-02-02T22:00:14","guid":{"rendered":"https:\/\/sepeba-ebra.com\/?post_type=product&#038;p=13707"},"modified":"2026-01-26T09:35:34","modified_gmt":"2026-01-26T08:35:34","slug":"plaque-deconomie-de-graines","status":"publish","type":"product","link":"https:\/\/www.ebra-semoir.fr\/en\/product\/plaque-deconomie-de-graines\/","title":{"rendered":"Seeds saving plate"},"content":{"rendered":"<p><strong>Name :<\/strong> Seeds saving plate<\/p>\n<p>Diminue le volume de la tr\u00e9mie et oriente les faibles quantit\u00e9 de graines vers le disque distributeur<\/p>\n<p><strong>Compatibility :<\/strong> semoirs munis d&rsquo;une tr\u00e9mie de 5 litres (\u00e0 partir de 2017).<\/p>\n<p><strong>Use :<\/strong> the distribution unit requires a certain level of seeds inside the hopper, for the good selection and distribution of the seeds. However, for farmers who sow small quantities, the seeds hopper may be too large. This plate reduces the minimum quantity of seeds in the hopper for regular sowing (as well as the quantity remaining in the hopper at the end of sowing).<\/p>\n<p><strong>Notice :<\/strong> only for small seeds.<\/p>","protected":false},"excerpt":{"rendered":"<p>Diminue le volume de la tr\u00e9mie et oriente les faibles quantit\u00e9s de graines vers le disque distributeur<\/p>\n<p><strong>Pour semoirs munis d\u2019une tr\u00e9mie de 5 litres (\u00e0 partir de 2017).<\/strong><\/p>","protected":false},"featured_media":13727,"comment_status":"open","ping_status":"closed","template":"","meta":{"_gspb_post_css":""},"product_brand":[],"product_cat":[227,226,230,232,233,235,223,224,222,229,236,170],"product_tag":[],"class_list":{"0":"post-13707","1":"product","2":"type-product","3":"status-publish","4":"has-post-thumbnail","6":"product_cat-accessoire-pour-ms21-dynamic","7":"product_cat-accessoire-pour-ms21-essentiel","8":"product_cat-accessoire-pour-ms22-essentiel","9":"product_cat-accessoire-pour-ms22-expert","10":"product_cat-accessoire-pour-ms23-essentiel","11":"product_cat-accessoire-pour-ms23-expert","12":"product_cat-accessoire-pour-sj-dyn-et-exp","13":"product_cat-accessoire-pour-sj-dynamic","14":"product_cat-accessoire-pour-sj-essentiel","15":"product_cat-accessoire-pour-su201-essentiel","16":"product_cat-accessoire-pour-su201-expert","17":"product_cat-accessoires","19":"entry","20":"has-media","22":"first","23":"instock","24":"taxable","25":"shipping-taxable","26":"purchasable","27":"product-type-simple","28":"col","29":"span_1_of_5","30":"owp-content-center","31":"owp-thumbs-layout-horizontal","32":"owp-btn-normal","33":"owp-tabs-layout-horizontal","34":"has-no-thumbnails"},"yoast_head":"<!-- This site is optimized with the Yoast SEO plugin v27.4 - https:\/\/yoast.com\/product\/yoast-seo-wordpress\/ -->\n<title>Plaque d&#039;\u00e9conomie de graines - Semoirs Ebra<\/title>\n<meta name=\"description\" content=\"Plaque d&#039;\u00e9conomie de graines pour semoir Ebra. Diminue le volume de la tr\u00e9mie et oriente les faibles quantit\u00e9 de graines vers le disque distributeur.\" \/>\n<meta name=\"robots\" content=\"index, follow, max-snippet:-1, max-image-preview:large, max-video-preview:-1\" \/>\n<link rel=\"canonical\" href=\"https:\/\/www.ebra-semoir.fr\/en\/product\/plaque-deconomie-de-graines\/\" \/>\n<meta property=\"og:locale\" content=\"en_US\" \/>\n<meta property=\"og:type\" content=\"article\" \/>\n<meta property=\"og:title\" content=\"Plaque d&#039;\u00e9conomie de graines - Semoirs Ebra\" \/>\n<meta property=\"og:description\" content=\"Plaque d&#039;\u00e9conomie de graines pour semoir Ebra. Diminue le volume de la tr\u00e9mie et oriente les faibles quantit\u00e9 de graines vers le disque distributeur.\" \/>\n<meta property=\"og:url\" content=\"https:\/\/www.ebra-semoir.fr\/en\/product\/plaque-deconomie-de-graines\/\" \/>\n<meta property=\"og:site_name\" content=\"Semoirs Ebra\" \/>\n<meta property=\"article:modified_time\" content=\"2026-01-26T08:35:34+00:00\" \/>\n<meta property=\"og:image\" content=\"https:\/\/www.ebra-semoir.fr\/wp-content\/uploads\/2020\/02\/plaque-inseree-1-scaled.jpg\" \/>\n\t<meta property=\"og:image:width\" content=\"1920\" \/>\n\t<meta property=\"og:image:height\" content=\"2560\" \/>\n\t<meta property=\"og:image:type\" content=\"image\/jpeg\" \/>\n<meta name=\"twitter:card\" content=\"summary_large_image\" \/>\n<meta name=\"twitter:label1\" content=\"Est. reading time\" \/>\n\t<meta name=\"twitter:data1\" content=\"1 minute\" \/>\n<script type=\"application\/ld+json\" class=\"yoast-schema-graph\">{\"@context\":\"https:\\\/\\\/schema.org\",\"@graph\":[{\"@type\":\"WebPage\",\"@id\":\"https:\\\/\\\/www.ebra-semoir.fr\\\/produit\\\/plaque-deconomie-de-graines\\\/\",\"url\":\"https:\\\/\\\/www.ebra-semoir.fr\\\/produit\\\/plaque-deconomie-de-graines\\\/\",\"name\":\"Plaque d'\u00e9conomie de graines - Semoirs Ebra\",\"isPartOf\":{\"@id\":\"https:\\\/\\\/www.ebra-semoir.fr\\\/#website\"},\"primaryImageOfPage\":{\"@id\":\"https:\\\/\\\/www.ebra-semoir.fr\\\/produit\\\/plaque-deconomie-de-graines\\\/#primaryimage\"},\"image\":{\"@id\":\"https:\\\/\\\/www.ebra-semoir.fr\\\/produit\\\/plaque-deconomie-de-graines\\\/#primaryimage\"},\"thumbnailUrl\":\"https:\\\/\\\/www.ebra-semoir.fr\\\/wp-content\\\/uploads\\\/2020\\\/02\\\/plaque-inseree-1-scaled.jpg\",\"datePublished\":\"2020-02-02T22:00:14+00:00\",\"dateModified\":\"2026-01-26T08:35:34+00:00\",\"description\":\"Plaque d'\u00e9conomie de graines pour semoir Ebra. Diminue le volume de la tr\u00e9mie et oriente les faibles quantit\u00e9 de graines vers le disque distributeur.\",\"breadcrumb\":{\"@id\":\"https:\\\/\\\/www.ebra-semoir.fr\\\/produit\\\/plaque-deconomie-de-graines\\\/#breadcrumb\"},\"inLanguage\":\"en-US\",\"potentialAction\":[{\"@type\":\"ReadAction\",\"target\":[\"https:\\\/\\\/www.ebra-semoir.fr\\\/produit\\\/plaque-deconomie-de-graines\\\/\"]}]},{\"@type\":\"ImageObject\",\"inLanguage\":\"en-US\",\"@id\":\"https:\\\/\\\/www.ebra-semoir.fr\\\/produit\\\/plaque-deconomie-de-graines\\\/#primaryimage\",\"url\":\"https:\\\/\\\/www.ebra-semoir.fr\\\/wp-content\\\/uploads\\\/2020\\\/02\\\/plaque-inseree-1-scaled.jpg\",\"contentUrl\":\"https:\\\/\\\/www.ebra-semoir.fr\\\/wp-content\\\/uploads\\\/2020\\\/02\\\/plaque-inseree-1-scaled.jpg\",\"width\":1920,\"height\":2560},{\"@type\":\"BreadcrumbList\",\"@id\":\"https:\\\/\\\/www.ebra-semoir.fr\\\/produit\\\/plaque-deconomie-de-graines\\\/#breadcrumb\",\"itemListElement\":[{\"@type\":\"ListItem\",\"position\":1,\"name\":\"Accueil\",\"item\":\"https:\\\/\\\/www.ebra-semoir.fr\\\/\"},{\"@type\":\"ListItem\",\"position\":2,\"name\":\"Boutique en ligne\",\"item\":\"https:\\\/\\\/www.ebra-semoir.fr\\\/boutique-en-ligne\\\/\"},{\"@type\":\"ListItem\",\"position\":3,\"name\":\"Plaque d&rsquo;\u00e9conomie de graines\"}]},{\"@type\":\"WebSite\",\"@id\":\"https:\\\/\\\/www.ebra-semoir.fr\\\/#website\",\"url\":\"https:\\\/\\\/www.ebra-semoir.fr\\\/\",\"name\":\"Semoirs Ebra\",\"description\":\"Ebra - Les Semoirs de Pr\u00e9cision\",\"publisher\":{\"@id\":\"https:\\\/\\\/www.ebra-semoir.fr\\\/#organization\"},\"potentialAction\":[{\"@type\":\"SearchAction\",\"target\":{\"@type\":\"EntryPoint\",\"urlTemplate\":\"https:\\\/\\\/www.ebra-semoir.fr\\\/?s={search_term_string}\"},\"query-input\":{\"@type\":\"PropertyValueSpecification\",\"valueRequired\":true,\"valueName\":\"search_term_string\"}}],\"inLanguage\":\"en-US\"},{\"@type\":\"Organization\",\"@id\":\"https:\\\/\\\/www.ebra-semoir.fr\\\/#organization\",\"name\":\"Semoirs Ebra\",\"url\":\"https:\\\/\\\/www.ebra-semoir.fr\\\/\",\"logo\":{\"@type\":\"ImageObject\",\"inLanguage\":\"en-US\",\"@id\":\"https:\\\/\\\/www.ebra-semoir.fr\\\/#\\\/schema\\\/logo\\\/image\\\/\",\"url\":\"https:\\\/\\\/www.ebra-semoir.fr\\\/wp-content\\\/uploads\\\/2018\\\/05\\\/logo-ebra-white.png\",\"contentUrl\":\"https:\\\/\\\/www.ebra-semoir.fr\\\/wp-content\\\/uploads\\\/2018\\\/05\\\/logo-ebra-white.png\",\"width\":208,\"height\":78,\"caption\":\"Semoirs Ebra\"},\"image\":{\"@id\":\"https:\\\/\\\/www.ebra-semoir.fr\\\/#\\\/schema\\\/logo\\\/image\\\/\"}}]}<\/script>\n<!-- \/ Yoast SEO plugin. -->","yoast_head_json":{"title":"Plaque d'\u00e9conomie de graines - Semoirs Ebra","description":"Plaque d'\u00e9conomie de graines pour semoir Ebra. Diminue le volume de la tr\u00e9mie et oriente les faibles quantit\u00e9 de graines vers le disque distributeur.","robots":{"index":"index","follow":"follow","max-snippet":"max-snippet:-1","max-image-preview":"max-image-preview:large","max-video-preview":"max-video-preview:-1"},"canonical":"https:\/\/www.ebra-semoir.fr\/en\/product\/plaque-deconomie-de-graines\/","og_locale":"en_US","og_type":"article","og_title":"Plaque d'\u00e9conomie de graines - Semoirs Ebra","og_description":"Plaque d'\u00e9conomie de graines pour semoir Ebra. Diminue le volume de la tr\u00e9mie et oriente les faibles quantit\u00e9 de graines vers le disque distributeur.","og_url":"https:\/\/www.ebra-semoir.fr\/en\/product\/plaque-deconomie-de-graines\/","og_site_name":"Semoirs Ebra","article_modified_time":"2026-01-26T08:35:34+00:00","og_image":[{"width":1920,"height":2560,"url":"https:\/\/www.ebra-semoir.fr\/wp-content\/uploads\/2020\/02\/plaque-inseree-1-scaled.jpg","type":"image\/jpeg"}],"twitter_card":"summary_large_image","twitter_misc":{"Est. reading time":"1 minute"},"schema":{"@context":"https:\/\/schema.org","@graph":[{"@type":"WebPage","@id":"https:\/\/www.ebra-semoir.fr\/produit\/plaque-deconomie-de-graines\/","url":"https:\/\/www.ebra-semoir.fr\/produit\/plaque-deconomie-de-graines\/","name":"Plaque d'\u00e9conomie de graines - Semoirs Ebra","isPartOf":{"@id":"https:\/\/www.ebra-semoir.fr\/#website"},"primaryImageOfPage":{"@id":"https:\/\/www.ebra-semoir.fr\/produit\/plaque-deconomie-de-graines\/#primaryimage"},"image":{"@id":"https:\/\/www.ebra-semoir.fr\/produit\/plaque-deconomie-de-graines\/#primaryimage"},"thumbnailUrl":"https:\/\/www.ebra-semoir.fr\/wp-content\/uploads\/2020\/02\/plaque-inseree-1-scaled.jpg","datePublished":"2020-02-02T22:00:14+00:00","dateModified":"2026-01-26T08:35:34+00:00","description":"Plaque d'\u00e9conomie de graines pour semoir Ebra. Diminue le volume de la tr\u00e9mie et oriente les faibles quantit\u00e9 de graines vers le disque distributeur.","breadcrumb":{"@id":"https:\/\/www.ebra-semoir.fr\/produit\/plaque-deconomie-de-graines\/#breadcrumb"},"inLanguage":"en-US","potentialAction":[{"@type":"ReadAction","target":["https:\/\/www.ebra-semoir.fr\/produit\/plaque-deconomie-de-graines\/"]}]},{"@type":"ImageObject","inLanguage":"en-US","@id":"https:\/\/www.ebra-semoir.fr\/produit\/plaque-deconomie-de-graines\/#primaryimage","url":"https:\/\/www.ebra-semoir.fr\/wp-content\/uploads\/2020\/02\/plaque-inseree-1-scaled.jpg","contentUrl":"https:\/\/www.ebra-semoir.fr\/wp-content\/uploads\/2020\/02\/plaque-inseree-1-scaled.jpg","width":1920,"height":2560},{"@type":"BreadcrumbList","@id":"https:\/\/www.ebra-semoir.fr\/produit\/plaque-deconomie-de-graines\/#breadcrumb","itemListElement":[{"@type":"ListItem","position":1,"name":"Accueil","item":"https:\/\/www.ebra-semoir.fr\/"},{"@type":"ListItem","position":2,"name":"Boutique en ligne","item":"https:\/\/www.ebra-semoir.fr\/boutique-en-ligne\/"},{"@type":"ListItem","position":3,"name":"Plaque d&rsquo;\u00e9conomie de graines"}]},{"@type":"WebSite","@id":"https:\/\/www.ebra-semoir.fr\/#website","url":"https:\/\/www.ebra-semoir.fr\/","name":"Semoirs Ebra","description":"Ebra - Les Semoirs de Pr\u00e9cision","publisher":{"@id":"https:\/\/www.ebra-semoir.fr\/#organization"},"potentialAction":[{"@type":"SearchAction","target":{"@type":"EntryPoint","urlTemplate":"https:\/\/www.ebra-semoir.fr\/?s={search_term_string}"},"query-input":{"@type":"PropertyValueSpecification","valueRequired":true,"valueName":"search_term_string"}}],"inLanguage":"en-US"},{"@type":"Organization","@id":"https:\/\/www.ebra-semoir.fr\/#organization","name":"Semoirs Ebra","url":"https:\/\/www.ebra-semoir.fr\/","logo":{"@type":"ImageObject","inLanguage":"en-US","@id":"https:\/\/www.ebra-semoir.fr\/#\/schema\/logo\/image\/","url":"https:\/\/www.ebra-semoir.fr\/wp-content\/uploads\/2018\/05\/logo-ebra-white.png","contentUrl":"https:\/\/www.ebra-semoir.fr\/wp-content\/uploads\/2018\/05\/logo-ebra-white.png","width":208,"height":78,"caption":"Semoirs Ebra"},"image":{"@id":"https:\/\/www.ebra-semoir.fr\/#\/schema\/logo\/image\/"}}]}},"_links":{"self":[{"href":"https:\/\/www.ebra-semoir.fr\/en\/wp-json\/wp\/v2\/product\/13707","targetHints":{"allow":["GET"]}}],"collection":[{"href":"https:\/\/www.ebra-semoir.fr\/en\/wp-json\/wp\/v2\/product"}],"about":[{"href":"https:\/\/www.ebra-semoir.fr\/en\/wp-json\/wp\/v2\/types\/product"}],"replies":[{"embeddable":true,"href":"https:\/\/www.ebra-semoir.fr\/en\/wp-json\/wp\/v2\/comments?post=13707"}],"version-history":[{"count":9,"href":"https:\/\/www.ebra-semoir.fr\/en\/wp-json\/wp\/v2\/product\/13707\/revisions"}],"predecessor-version":[{"id":28151,"href":"https:\/\/www.ebra-semoir.fr\/en\/wp-json\/wp\/v2\/product\/13707\/revisions\/28151"}],"wp:featuredmedia":[{"embeddable":true,"href":"https:\/\/www.ebra-semoir.fr\/en\/wp-json\/wp\/v2\/media\/13727"}],"wp:attachment":[{"href":"https:\/\/www.ebra-semoir.fr\/en\/wp-json\/wp\/v2\/media?parent=13707"}],"wp:term":[{"taxonomy":"product_brand","embeddable":true,"href":"https:\/\/www.ebra-semoir.fr\/en\/wp-json\/wp\/v2\/product_brand?post=13707"},{"taxonomy":"product_cat","embeddable":true,"href":"https:\/\/www.ebra-semoir.fr\/en\/wp-json\/wp\/v2\/product_cat?post=13707"},{"taxonomy":"product_tag","embeddable":true,"href":"https:\/\/www.ebra-semoir.fr\/en\/wp-json\/wp\/v2\/product_tag?post=13707"}],"curies":[{"name":"wp","href":"https:\/\/api.w.org\/{rel}","templated":true}]}}

<p><strong>Name :</strong> Seeds saving plate</p>
<p>Diminue le volume de la trémie et oriente les faibles quantité de graines vers le disque distributeur</p>
<p><strong>Compatibility :</strong> semoirs munis d&rsquo;une trémie de 5 litres (à partir de 2017).</p>
<p><strong>Use :</strong> the distribution unit requires a certain level of seeds inside the hopper, for the good selection and distribution of the seeds. However, for farmers who sow small quantities, the seeds hopper may be too large. This plate reduces the minimum quantity of seeds in the hopper for regular sowing (as well as the quantity remaining in the hopper at the end of sowing).</p>
<p><strong>Notice :</strong> only for small seeds.</p>

<p>Diminue le volume de la trémie et oriente les faibles quantités de graines vers le disque distributeur</p>
<p><strong>Pour semoirs munis d’une trémie de 5 litres (à partir de 2017).</strong></p>

<!-- This site is optimized with the Yoast SEO plugin v27.4 - https://yoast.com/product/yoast-seo-wordpress/ -->
<title>Plaque d&#039;économie de graines - Semoirs Ebra</title>
<meta name="description" content="Plaque d&#039;économie de graines pour semoir Ebra. Diminue le volume de la trémie et oriente les faibles quantité de graines vers le disque distributeur." />
<meta name="robots" content="index, follow, max-snippet:-1, max-image-preview:large, max-video-preview:-1" />
<link rel="canonical" href="https://www.ebra-semoir.fr/en/product/plaque-deconomie-de-graines/" />
<meta property="og:locale" content="en_US" />
<meta property="og:type" content="article" />
<meta property="og:title" content="Plaque d&#039;économie de graines - Semoirs Ebra" />
<meta property="og:description" content="Plaque d&#039;économie de graines pour semoir Ebra. Diminue le volume de la trémie et oriente les faibles quantité de graines vers le disque distributeur." />
<meta property="og:url" content="https://www.ebra-semoir.fr/en/product/plaque-deconomie-de-graines/" />
<meta property="og:site_name" content="Semoirs Ebra" />
<meta property="article:modified_time" content="2026-01-26T08:35:34+00:00" />
<meta property="og:image" content="https://www.ebra-semoir.fr/wp-content/uploads/2020/02/plaque-inseree-1-scaled.jpg" />
	<meta property="og:image:width" content="1920" />
	<meta property="og:image:height" content="2560" />
	<meta property="og:image:type" content="image/jpeg" />
<meta name="twitter:card" content="summary_large_image" />
<meta name="twitter:label1" content="Est. reading time" />
	<meta name="twitter:data1" content="1 minute" />
<script type="application/ld+json" class="yoast-schema-graph">{"@context":"https:\/\/schema.org","@graph":[{"@type":"WebPage","@id":"https:\/\/www.ebra-semoir.fr\/produit\/plaque-deconomie-de-graines\/","url":"https:\/\/www.ebra-semoir.fr\/produit\/plaque-deconomie-de-graines\/","name":"Plaque d'économie de graines - Semoirs Ebra","isPartOf":{"@id":"https:\/\/www.ebra-semoir.fr\/#website"},"primaryImageOfPage":{"@id":"https:\/\/www.ebra-semoir.fr\/produit\/plaque-deconomie-de-graines\/#primaryimage"},"image":{"@id":"https:\/\/www.ebra-semoir.fr\/produit\/plaque-deconomie-de-graines\/#primaryimage"},"thumbnailUrl":"https:\/\/www.ebra-semoir.fr\/wp-content\/uploads\/2020\/02\/plaque-inseree-1-scaled.jpg","datePublished":"2020-02-02T22:00:14+00:00","dateModified":"2026-01-26T08:35:34+00:00","description":"Plaque d'économie de graines pour semoir Ebra. Diminue le volume de la trémie et oriente les faibles quantité de graines vers le disque distributeur.","breadcrumb":{"@id":"https:\/\/www.ebra-semoir.fr\/produit\/plaque-deconomie-de-graines\/#breadcrumb"},"inLanguage":"en-US","potentialAction":[{"@type":"ReadAction","target":["https:\/\/www.ebra-semoir.fr\/produit\/plaque-deconomie-de-graines\/"]}]},{"@type":"ImageObject","inLanguage":"en-US","@id":"https:\/\/www.ebra-semoir.fr\/produit\/plaque-deconomie-de-graines\/#primaryimage","url":"https:\/\/www.ebra-semoir.fr\/wp-content\/uploads\/2020\/02\/plaque-inseree-1-scaled.jpg","contentUrl":"https:\/\/www.ebra-semoir.fr\/wp-content\/uploads\/2020\/02\/plaque-inseree-1-scaled.jpg","width":1920,"height":2560},{"@type":"BreadcrumbList","@id":"https:\/\/www.ebra-semoir.fr\/produit\/plaque-deconomie-de-graines\/#breadcrumb","itemListElement":[{"@type":"ListItem","position":1,"name":"Accueil","item":"https:\/\/www.ebra-semoir.fr\/"},{"@type":"ListItem","position":2,"name":"Boutique en ligne","item":"https:\/\/www.ebra-semoir.fr\/boutique-en-ligne\/"},{"@type":"ListItem","position":3,"name":"Plaque d&rsquo;économie de graines"}]},{"@type":"WebSite","@id":"https:\/\/www.ebra-semoir.fr\/#website","url":"https:\/\/www.ebra-semoir.fr\/","name":"Semoirs Ebra","description":"Ebra - Les Semoirs de Précision","publisher":{"@id":"https:\/\/www.ebra-semoir.fr\/#organization"},"potentialAction":[{"@type":"SearchAction","target":{"@type":"EntryPoint","urlTemplate":"https:\/\/www.ebra-semoir.fr\/?s={search_term_string}"},"query-input":{"@type":"PropertyValueSpecification","valueRequired":true,"valueName":"search_term_string"}}],"inLanguage":"en-US"},{"@type":"Organization","@id":"https:\/\/www.ebra-semoir.fr\/#organization","name":"Semoirs Ebra","url":"https:\/\/www.ebra-semoir.fr\/","logo":{"@type":"ImageObject","inLanguage":"en-US","@id":"https:\/\/www.ebra-semoir.fr\/#\/schema\/logo\/image\/","url":"https:\/\/www.ebra-semoir.fr\/wp-content\/uploads\/2018\/05\/logo-ebra-white.png","contentUrl":"https:\/\/www.ebra-semoir.fr\/wp-content\/uploads\/2018\/05\/logo-ebra-white.png","width":208,"height":78,"caption":"Semoirs Ebra"},"image":{"@id":"https:\/\/www.ebra-semoir.fr\/#\/schema\/logo\/image\/"}}]}</script>
<!-- / Yoast SEO plugin. -->

Plaque d'économie de graines - Semoirs Ebra

Plaque d'économie de graines pour semoir Ebra. Diminue le volume de la trémie et oriente les faibles quantité de graines vers le disque distributeur.

Plaque d&rsquo;économie de graines

Ebra - Les Semoirs de Précision
