{"id":13711,"date":"2020-02-02T22:02:56","date_gmt":"2020-02-02T22:02:56","guid":{"rendered":"https:\/\/sepeba-ebra.com\/?post_type=product&#038;p=13711"},"modified":"2026-01-26T09:34:14","modified_gmt":"2026-01-26T08:34:14","slug":"botte-de-semis-eclate-version-2","status":"publish","type":"product","link":"https:\/\/www.ebra-semoir.fr\/en\/product\/botte-de-semis-eclate-version-2\/","title":{"rendered":"8 cm strip sowing coulter"},"content":{"rendered":"<p><strong><em>For MS 21, MS 22, MS 23 seeders and SJ manual seeders (all in \"Dynamic\" or \"Expert\" versions), since 2017<\/em><\/strong><\/p>\n<p><strong>Use :<\/strong> allows sowing on a 8cm wide strip. The seeds are distributed randomly in the width of the strip. Mainly used for radishes, sometimes carrots and turnips, for better soil occupation, resulting in better-growing vegetables. Can replace the standard coulter (for a linear sowing). Replacement time: approx. 5 minutes.<\/p>\n<p>Notice : sowing on a 8cm strip may require more density. Then, it could involve a higher density setting, even a disc sorting more seeds at once (with more teeth \/ notches \/ holes).<\/p>\n<p><strong>Compatibility :<\/strong> MS 21, MS 22, MS 23 and SJ manual seeders (all in \"Dynamic\" or \"Expert\" versions), since 2017<\/p>\n<p>Caution : not compatible with SU 201 seeders<\/p>","protected":false},"excerpt":{"rendered":"<p>Transforme votre semis en ligne en un semis \u00e9clat\u00e9 en bandes de 8 cm de largeur.<\/p>","protected":false},"featured_media":10831,"comment_status":"open","ping_status":"closed","template":"","meta":{"_gspb_post_css":""},"product_brand":[],"product_cat":[227,226,228,230,232,233,235,224,225,170],"product_tag":[],"class_list":{"0":"post-13711","1":"product","2":"type-product","3":"status-publish","4":"has-post-thumbnail","6":"product_cat-accessoire-pour-ms21-dynamic","7":"product_cat-accessoire-pour-ms21-essentiel","8":"product_cat-accessoire-pour-ms21-expert","9":"product_cat-accessoire-pour-ms22-essentiel","10":"product_cat-accessoire-pour-ms22-expert","11":"product_cat-accessoire-pour-ms23-essentiel","12":"product_cat-accessoire-pour-ms23-expert","13":"product_cat-accessoire-pour-sj-dynamic","14":"product_cat-accessoire-pour-sj-expert","15":"product_cat-accessoires","17":"entry","18":"has-media","20":"first","21":"instock","22":"taxable","23":"shipping-taxable","24":"purchasable","25":"product-type-simple","26":"col","27":"span_1_of_5","28":"owp-content-center","29":"owp-thumbs-layout-horizontal","30":"owp-btn-normal","31":"owp-tabs-layout-horizontal","32":"has-no-thumbnails"},"yoast_head":"<!-- This site is optimized with the Yoast SEO plugin v27.4 - https:\/\/yoast.com\/product\/yoast-seo-wordpress\/ -->\n<title>Botte de semis \u00e9clat\u00e9 - Semoirs Ebra<\/title>\n<meta name=\"robots\" content=\"index, follow, max-snippet:-1, max-image-preview:large, max-video-preview:-1\" \/>\n<link rel=\"canonical\" href=\"https:\/\/www.ebra-semoir.fr\/en\/product\/botte-de-semis-eclate-version-2\/\" \/>\n<meta property=\"og:locale\" content=\"en_US\" \/>\n<meta property=\"og:type\" content=\"article\" \/>\n<meta property=\"og:title\" content=\"Botte de semis \u00e9clat\u00e9 - Semoirs Ebra\" \/>\n<meta property=\"og:description\" content=\"Transforme votre semis en ligne en un semis \u00e9clat\u00e9 en bandes de 8 cm de largeur.\" \/>\n<meta property=\"og:url\" content=\"https:\/\/www.ebra-semoir.fr\/en\/product\/botte-de-semis-eclate-version-2\/\" \/>\n<meta property=\"og:site_name\" content=\"Semoirs Ebra\" \/>\n<meta property=\"article:modified_time\" content=\"2026-01-26T08:34:14+00:00\" \/>\n<meta property=\"og:image\" content=\"https:\/\/www.ebra-semoir.fr\/wp-content\/uploads\/2018\/08\/botte-\u00e9clat\u00e9e.png\" \/>\n\t<meta property=\"og:image:width\" content=\"443\" \/>\n\t<meta property=\"og:image:height\" content=\"483\" \/>\n\t<meta property=\"og:image:type\" content=\"image\/png\" \/>\n<meta name=\"twitter:card\" content=\"summary_large_image\" \/>\n<meta name=\"twitter:label1\" content=\"Est. reading time\" \/>\n\t<meta name=\"twitter:data1\" content=\"1 minute\" \/>\n<script type=\"application\/ld+json\" class=\"yoast-schema-graph\">{\"@context\":\"https:\\\/\\\/schema.org\",\"@graph\":[{\"@type\":\"WebPage\",\"@id\":\"https:\\\/\\\/www.ebra-semoir.fr\\\/produit\\\/botte-de-semis-eclate-version-2\\\/\",\"url\":\"https:\\\/\\\/www.ebra-semoir.fr\\\/produit\\\/botte-de-semis-eclate-version-2\\\/\",\"name\":\"Botte de semis \u00e9clat\u00e9 - Semoirs Ebra\",\"isPartOf\":{\"@id\":\"https:\\\/\\\/www.ebra-semoir.fr\\\/#website\"},\"primaryImageOfPage\":{\"@id\":\"https:\\\/\\\/www.ebra-semoir.fr\\\/produit\\\/botte-de-semis-eclate-version-2\\\/#primaryimage\"},\"image\":{\"@id\":\"https:\\\/\\\/www.ebra-semoir.fr\\\/produit\\\/botte-de-semis-eclate-version-2\\\/#primaryimage\"},\"thumbnailUrl\":\"https:\\\/\\\/www.ebra-semoir.fr\\\/wp-content\\\/uploads\\\/2018\\\/08\\\/botte-\u00e9clat\u00e9e.png\",\"datePublished\":\"2020-02-02T22:02:56+00:00\",\"dateModified\":\"2026-01-26T08:34:14+00:00\",\"breadcrumb\":{\"@id\":\"https:\\\/\\\/www.ebra-semoir.fr\\\/produit\\\/botte-de-semis-eclate-version-2\\\/#breadcrumb\"},\"inLanguage\":\"en-US\",\"potentialAction\":[{\"@type\":\"ReadAction\",\"target\":[\"https:\\\/\\\/www.ebra-semoir.fr\\\/produit\\\/botte-de-semis-eclate-version-2\\\/\"]}]},{\"@type\":\"ImageObject\",\"inLanguage\":\"en-US\",\"@id\":\"https:\\\/\\\/www.ebra-semoir.fr\\\/produit\\\/botte-de-semis-eclate-version-2\\\/#primaryimage\",\"url\":\"https:\\\/\\\/www.ebra-semoir.fr\\\/wp-content\\\/uploads\\\/2018\\\/08\\\/botte-\u00e9clat\u00e9e.png\",\"contentUrl\":\"https:\\\/\\\/www.ebra-semoir.fr\\\/wp-content\\\/uploads\\\/2018\\\/08\\\/botte-\u00e9clat\u00e9e.png\",\"width\":443,\"height\":483},{\"@type\":\"BreadcrumbList\",\"@id\":\"https:\\\/\\\/www.ebra-semoir.fr\\\/produit\\\/botte-de-semis-eclate-version-2\\\/#breadcrumb\",\"itemListElement\":[{\"@type\":\"ListItem\",\"position\":1,\"name\":\"Accueil\",\"item\":\"https:\\\/\\\/www.ebra-semoir.fr\\\/\"},{\"@type\":\"ListItem\",\"position\":2,\"name\":\"Boutique en ligne\",\"item\":\"https:\\\/\\\/www.ebra-semoir.fr\\\/boutique-en-ligne\\\/\"},{\"@type\":\"ListItem\",\"position\":3,\"name\":\"Botte de semis \u00e9clat\u00e9\"}]},{\"@type\":\"WebSite\",\"@id\":\"https:\\\/\\\/www.ebra-semoir.fr\\\/#website\",\"url\":\"https:\\\/\\\/www.ebra-semoir.fr\\\/\",\"name\":\"Semoirs Ebra\",\"description\":\"Ebra - Les Semoirs de Pr\u00e9cision\",\"publisher\":{\"@id\":\"https:\\\/\\\/www.ebra-semoir.fr\\\/#organization\"},\"potentialAction\":[{\"@type\":\"SearchAction\",\"target\":{\"@type\":\"EntryPoint\",\"urlTemplate\":\"https:\\\/\\\/www.ebra-semoir.fr\\\/?s={search_term_string}\"},\"query-input\":{\"@type\":\"PropertyValueSpecification\",\"valueRequired\":true,\"valueName\":\"search_term_string\"}}],\"inLanguage\":\"en-US\"},{\"@type\":\"Organization\",\"@id\":\"https:\\\/\\\/www.ebra-semoir.fr\\\/#organization\",\"name\":\"Semoirs Ebra\",\"url\":\"https:\\\/\\\/www.ebra-semoir.fr\\\/\",\"logo\":{\"@type\":\"ImageObject\",\"inLanguage\":\"en-US\",\"@id\":\"https:\\\/\\\/www.ebra-semoir.fr\\\/#\\\/schema\\\/logo\\\/image\\\/\",\"url\":\"https:\\\/\\\/www.ebra-semoir.fr\\\/wp-content\\\/uploads\\\/2018\\\/05\\\/logo-ebra-white.png\",\"contentUrl\":\"https:\\\/\\\/www.ebra-semoir.fr\\\/wp-content\\\/uploads\\\/2018\\\/05\\\/logo-ebra-white.png\",\"width\":208,\"height\":78,\"caption\":\"Semoirs Ebra\"},\"image\":{\"@id\":\"https:\\\/\\\/www.ebra-semoir.fr\\\/#\\\/schema\\\/logo\\\/image\\\/\"}}]}<\/script>\n<!-- \/ Yoast SEO plugin. -->","yoast_head_json":{"title":"Botte de semis \u00e9clat\u00e9 - Semoirs Ebra","robots":{"index":"index","follow":"follow","max-snippet":"max-snippet:-1","max-image-preview":"max-image-preview:large","max-video-preview":"max-video-preview:-1"},"canonical":"https:\/\/www.ebra-semoir.fr\/en\/product\/botte-de-semis-eclate-version-2\/","og_locale":"en_US","og_type":"article","og_title":"Botte de semis \u00e9clat\u00e9 - Semoirs Ebra","og_description":"Transforme votre semis en ligne en un semis \u00e9clat\u00e9 en bandes de 8 cm de largeur.","og_url":"https:\/\/www.ebra-semoir.fr\/en\/product\/botte-de-semis-eclate-version-2\/","og_site_name":"Semoirs Ebra","article_modified_time":"2026-01-26T08:34:14+00:00","og_image":[{"width":443,"height":483,"url":"https:\/\/www.ebra-semoir.fr\/wp-content\/uploads\/2018\/08\/botte-\u00e9clat\u00e9e.png","type":"image\/png"}],"twitter_card":"summary_large_image","twitter_misc":{"Est. reading time":"1 minute"},"schema":{"@context":"https:\/\/schema.org","@graph":[{"@type":"WebPage","@id":"https:\/\/www.ebra-semoir.fr\/produit\/botte-de-semis-eclate-version-2\/","url":"https:\/\/www.ebra-semoir.fr\/produit\/botte-de-semis-eclate-version-2\/","name":"Botte de semis \u00e9clat\u00e9 - Semoirs Ebra","isPartOf":{"@id":"https:\/\/www.ebra-semoir.fr\/#website"},"primaryImageOfPage":{"@id":"https:\/\/www.ebra-semoir.fr\/produit\/botte-de-semis-eclate-version-2\/#primaryimage"},"image":{"@id":"https:\/\/www.ebra-semoir.fr\/produit\/botte-de-semis-eclate-version-2\/#primaryimage"},"thumbnailUrl":"https:\/\/www.ebra-semoir.fr\/wp-content\/uploads\/2018\/08\/botte-\u00e9clat\u00e9e.png","datePublished":"2020-02-02T22:02:56+00:00","dateModified":"2026-01-26T08:34:14+00:00","breadcrumb":{"@id":"https:\/\/www.ebra-semoir.fr\/produit\/botte-de-semis-eclate-version-2\/#breadcrumb"},"inLanguage":"en-US","potentialAction":[{"@type":"ReadAction","target":["https:\/\/www.ebra-semoir.fr\/produit\/botte-de-semis-eclate-version-2\/"]}]},{"@type":"ImageObject","inLanguage":"en-US","@id":"https:\/\/www.ebra-semoir.fr\/produit\/botte-de-semis-eclate-version-2\/#primaryimage","url":"https:\/\/www.ebra-semoir.fr\/wp-content\/uploads\/2018\/08\/botte-\u00e9clat\u00e9e.png","contentUrl":"https:\/\/www.ebra-semoir.fr\/wp-content\/uploads\/2018\/08\/botte-\u00e9clat\u00e9e.png","width":443,"height":483},{"@type":"BreadcrumbList","@id":"https:\/\/www.ebra-semoir.fr\/produit\/botte-de-semis-eclate-version-2\/#breadcrumb","itemListElement":[{"@type":"ListItem","position":1,"name":"Accueil","item":"https:\/\/www.ebra-semoir.fr\/"},{"@type":"ListItem","position":2,"name":"Boutique en ligne","item":"https:\/\/www.ebra-semoir.fr\/boutique-en-ligne\/"},{"@type":"ListItem","position":3,"name":"Botte de semis \u00e9clat\u00e9"}]},{"@type":"WebSite","@id":"https:\/\/www.ebra-semoir.fr\/#website","url":"https:\/\/www.ebra-semoir.fr\/","name":"Semoirs Ebra","description":"Ebra - Les Semoirs de Pr\u00e9cision","publisher":{"@id":"https:\/\/www.ebra-semoir.fr\/#organization"},"potentialAction":[{"@type":"SearchAction","target":{"@type":"EntryPoint","urlTemplate":"https:\/\/www.ebra-semoir.fr\/?s={search_term_string}"},"query-input":{"@type":"PropertyValueSpecification","valueRequired":true,"valueName":"search_term_string"}}],"inLanguage":"en-US"},{"@type":"Organization","@id":"https:\/\/www.ebra-semoir.fr\/#organization","name":"Semoirs Ebra","url":"https:\/\/www.ebra-semoir.fr\/","logo":{"@type":"ImageObject","inLanguage":"en-US","@id":"https:\/\/www.ebra-semoir.fr\/#\/schema\/logo\/image\/","url":"https:\/\/www.ebra-semoir.fr\/wp-content\/uploads\/2018\/05\/logo-ebra-white.png","contentUrl":"https:\/\/www.ebra-semoir.fr\/wp-content\/uploads\/2018\/05\/logo-ebra-white.png","width":208,"height":78,"caption":"Semoirs Ebra"},"image":{"@id":"https:\/\/www.ebra-semoir.fr\/#\/schema\/logo\/image\/"}}]}},"_links":{"self":[{"href":"https:\/\/www.ebra-semoir.fr\/en\/wp-json\/wp\/v2\/product\/13711","targetHints":{"allow":["GET"]}}],"collection":[{"href":"https:\/\/www.ebra-semoir.fr\/en\/wp-json\/wp\/v2\/product"}],"about":[{"href":"https:\/\/www.ebra-semoir.fr\/en\/wp-json\/wp\/v2\/types\/product"}],"replies":[{"embeddable":true,"href":"https:\/\/www.ebra-semoir.fr\/en\/wp-json\/wp\/v2\/comments?post=13711"}],"version-history":[{"count":7,"href":"https:\/\/www.ebra-semoir.fr\/en\/wp-json\/wp\/v2\/product\/13711\/revisions"}],"predecessor-version":[{"id":28148,"href":"https:\/\/www.ebra-semoir.fr\/en\/wp-json\/wp\/v2\/product\/13711\/revisions\/28148"}],"wp:featuredmedia":[{"embeddable":true,"href":"https:\/\/www.ebra-semoir.fr\/en\/wp-json\/wp\/v2\/media\/10831"}],"wp:attachment":[{"href":"https:\/\/www.ebra-semoir.fr\/en\/wp-json\/wp\/v2\/media?parent=13711"}],"wp:term":[{"taxonomy":"product_brand","embeddable":true,"href":"https:\/\/www.ebra-semoir.fr\/en\/wp-json\/wp\/v2\/product_brand?post=13711"},{"taxonomy":"product_cat","embeddable":true,"href":"https:\/\/www.ebra-semoir.fr\/en\/wp-json\/wp\/v2\/product_cat?post=13711"},{"taxonomy":"product_tag","embeddable":true,"href":"https:\/\/www.ebra-semoir.fr\/en\/wp-json\/wp\/v2\/product_tag?post=13711"}],"curies":[{"name":"wp","href":"https:\/\/api.w.org\/{rel}","templated":true}]}}

<p>Transforme votre semis en ligne en un semis éclaté en bandes de 8 cm de largeur.</p>

<!-- This site is optimized with the Yoast SEO plugin v27.4 - https://yoast.com/product/yoast-seo-wordpress/ -->
<title>Botte de semis éclaté - Semoirs Ebra</title>
<meta name="robots" content="index, follow, max-snippet:-1, max-image-preview:large, max-video-preview:-1" />
<link rel="canonical" href="https://www.ebra-semoir.fr/en/product/botte-de-semis-eclate-version-2/" />
<meta property="og:locale" content="en_US" />
<meta property="og:type" content="article" />
<meta property="og:title" content="Botte de semis éclaté - Semoirs Ebra" />
<meta property="og:description" content="Transforme votre semis en ligne en un semis éclaté en bandes de 8 cm de largeur." />
<meta property="og:url" content="https://www.ebra-semoir.fr/en/product/botte-de-semis-eclate-version-2/" />
<meta property="og:site_name" content="Semoirs Ebra" />
<meta property="article:modified_time" content="2026-01-26T08:34:14+00:00" />
<meta property="og:image" content="https://www.ebra-semoir.fr/wp-content/uploads/2018/08/botte-éclatée.png" />
	<meta property="og:image:width" content="443" />
	<meta property="og:image:height" content="483" />
	<meta property="og:image:type" content="image/png" />
<meta name="twitter:card" content="summary_large_image" />
<meta name="twitter:label1" content="Est. reading time" />
	<meta name="twitter:data1" content="1 minute" />
<script type="application/ld+json" class="yoast-schema-graph">{"@context":"https:\/\/schema.org","@graph":[{"@type":"WebPage","@id":"https:\/\/www.ebra-semoir.fr\/produit\/botte-de-semis-eclate-version-2\/","url":"https:\/\/www.ebra-semoir.fr\/produit\/botte-de-semis-eclate-version-2\/","name":"Botte de semis éclaté - Semoirs Ebra","isPartOf":{"@id":"https:\/\/www.ebra-semoir.fr\/#website"},"primaryImageOfPage":{"@id":"https:\/\/www.ebra-semoir.fr\/produit\/botte-de-semis-eclate-version-2\/#primaryimage"},"image":{"@id":"https:\/\/www.ebra-semoir.fr\/produit\/botte-de-semis-eclate-version-2\/#primaryimage"},"thumbnailUrl":"https:\/\/www.ebra-semoir.fr\/wp-content\/uploads\/2018\/08\/botte-éclatée.png","datePublished":"2020-02-02T22:02:56+00:00","dateModified":"2026-01-26T08:34:14+00:00","breadcrumb":{"@id":"https:\/\/www.ebra-semoir.fr\/produit\/botte-de-semis-eclate-version-2\/#breadcrumb"},"inLanguage":"en-US","potentialAction":[{"@type":"ReadAction","target":["https:\/\/www.ebra-semoir.fr\/produit\/botte-de-semis-eclate-version-2\/"]}]},{"@type":"ImageObject","inLanguage":"en-US","@id":"https:\/\/www.ebra-semoir.fr\/produit\/botte-de-semis-eclate-version-2\/#primaryimage","url":"https:\/\/www.ebra-semoir.fr\/wp-content\/uploads\/2018\/08\/botte-éclatée.png","contentUrl":"https:\/\/www.ebra-semoir.fr\/wp-content\/uploads\/2018\/08\/botte-éclatée.png","width":443,"height":483},{"@type":"BreadcrumbList","@id":"https:\/\/www.ebra-semoir.fr\/produit\/botte-de-semis-eclate-version-2\/#breadcrumb","itemListElement":[{"@type":"ListItem","position":1,"name":"Accueil","item":"https:\/\/www.ebra-semoir.fr\/"},{"@type":"ListItem","position":2,"name":"Boutique en ligne","item":"https:\/\/www.ebra-semoir.fr\/boutique-en-ligne\/"},{"@type":"ListItem","position":3,"name":"Botte de semis éclaté"}]},{"@type":"WebSite","@id":"https:\/\/www.ebra-semoir.fr\/#website","url":"https:\/\/www.ebra-semoir.fr\/","name":"Semoirs Ebra","description":"Ebra - Les Semoirs de Précision","publisher":{"@id":"https:\/\/www.ebra-semoir.fr\/#organization"},"potentialAction":[{"@type":"SearchAction","target":{"@type":"EntryPoint","urlTemplate":"https:\/\/www.ebra-semoir.fr\/?s={search_term_string}"},"query-input":{"@type":"PropertyValueSpecification","valueRequired":true,"valueName":"search_term_string"}}],"inLanguage":"en-US"},{"@type":"Organization","@id":"https:\/\/www.ebra-semoir.fr\/#organization","name":"Semoirs Ebra","url":"https:\/\/www.ebra-semoir.fr\/","logo":{"@type":"ImageObject","inLanguage":"en-US","@id":"https:\/\/www.ebra-semoir.fr\/#\/schema\/logo\/image\/","url":"https:\/\/www.ebra-semoir.fr\/wp-content\/uploads\/2018\/05\/logo-ebra-white.png","contentUrl":"https:\/\/www.ebra-semoir.fr\/wp-content\/uploads\/2018\/05\/logo-ebra-white.png","width":208,"height":78,"caption":"Semoirs Ebra"},"image":{"@id":"https:\/\/www.ebra-semoir.fr\/#\/schema\/logo\/image\/"}}]}</script>
<!-- / Yoast SEO plugin. -->

Botte de semis éclaté - Semoirs Ebra

Transforme votre semis en ligne en un semis éclaté en bandes de 8 cm de largeur.

https://www.ebra-semoir.fr/wp-content/uploads/2018/08/botte-éclatée.png

Botte de semis éclaté

Ebra - Les Semoirs de Précision
