{"id":27113,"date":"2025-11-22T10:00:39","date_gmt":"2025-11-22T09:00:39","guid":{"rendered":"https:\/\/www.ebra-semoir.fr\/?post_type=product&#038;p=27113"},"modified":"2026-02-08T15:52:16","modified_gmt":"2026-02-08T14:52:16","slug":"complement-pour-deuxieme-paire-de-roues-porteuses","status":"publish","type":"product","link":"https:\/\/www.ebra-semoir.fr\/en\/product\/complement-pour-deuxieme-paire-de-roues-porteuses\/","title":{"rendered":"Pour 2\u00e8 paire roues porteuses"},"content":{"rendered":"","protected":false},"excerpt":{"rendered":"<p>Compl\u00e9ment pour deuxi\u00e8me paire de roues porteuses. En semoir MS 23 \u00e0 double ligne, il est recommand\u00e9 d&rsquo;ajouter une 2\u00e8me paire de roues porteuses pour en am\u00e9liorer le r\u00e9glage en hauteur et donc la bonne hauteur de fonctionnement.<\/p>","protected":false},"featured_media":27114,"comment_status":"open","ping_status":"closed","template":"","meta":{"_gspb_post_css":""},"product_brand":[],"product_cat":[233,170],"product_tag":[],"class_list":{"0":"post-27113","1":"product","2":"type-product","3":"status-publish","4":"has-post-thumbnail","6":"product_cat-accessoire-pour-ms23-essentiel","7":"product_cat-accessoires","9":"entry","10":"has-media","12":"first","13":"instock","14":"taxable","15":"shipping-taxable","16":"purchasable","17":"product-type-simple","18":"col","19":"span_1_of_5","20":"owp-content-center","21":"owp-thumbs-layout-horizontal","22":"owp-btn-normal","23":"owp-tabs-layout-horizontal","24":"has-no-thumbnails"},"yoast_head":"<!-- This site is optimized with the Yoast SEO plugin v27.4 - https:\/\/yoast.com\/product\/yoast-seo-wordpress\/ -->\n<title>Pour 2\u00e8 paire roues porteuses - Semoirs Ebra<\/title>\n<meta name=\"robots\" content=\"index, follow, max-snippet:-1, max-image-preview:large, max-video-preview:-1\" \/>\n<link rel=\"canonical\" href=\"https:\/\/www.ebra-semoir.fr\/en\/product\/complement-pour-deuxieme-paire-de-roues-porteuses\/\" \/>\n<meta property=\"og:locale\" content=\"en_US\" \/>\n<meta property=\"og:type\" content=\"article\" \/>\n<meta property=\"og:title\" content=\"Pour 2\u00e8 paire roues porteuses - Semoirs Ebra\" \/>\n<meta property=\"og:description\" content=\"Compl\u00e9ment pour deuxi\u00e8me paire de roues porteuses. En semoir MS 23 \u00e0 double ligne, il est recommand\u00e9 d&#039;ajouter une 2\u00e8me paire de roues porteuses pour en am\u00e9liorer le r\u00e9glage en hauteur et donc la bonne hauteur de fonctionnement.\" \/>\n<meta property=\"og:url\" content=\"https:\/\/www.ebra-semoir.fr\/en\/product\/complement-pour-deuxieme-paire-de-roues-porteuses\/\" \/>\n<meta property=\"og:site_name\" content=\"Semoirs Ebra\" \/>\n<meta property=\"article:modified_time\" content=\"2026-02-08T14:52:16+00:00\" \/>\n<meta property=\"og:image\" content=\"https:\/\/www.ebra-semoir.fr\/wp-content\/uploads\/2025\/11\/15-scaled.jpg\" \/>\n\t<meta property=\"og:image:width\" content=\"2560\" \/>\n\t<meta property=\"og:image:height\" content=\"1440\" \/>\n\t<meta property=\"og:image:type\" content=\"image\/jpeg\" \/>\n<meta name=\"twitter:card\" content=\"summary_large_image\" \/>\n<meta name=\"twitter:label1\" content=\"Est. reading time\" \/>\n\t<meta name=\"twitter:data1\" content=\"1 minute\" \/>\n<script type=\"application\/ld+json\" class=\"yoast-schema-graph\">{\"@context\":\"https:\\\/\\\/schema.org\",\"@graph\":[{\"@type\":\"WebPage\",\"@id\":\"https:\\\/\\\/www.ebra-semoir.fr\\\/produit\\\/complement-pour-deuxieme-paire-de-roues-porteuses\\\/\",\"url\":\"https:\\\/\\\/www.ebra-semoir.fr\\\/produit\\\/complement-pour-deuxieme-paire-de-roues-porteuses\\\/\",\"name\":\"Pour 2\u00e8 paire roues porteuses - Semoirs Ebra\",\"isPartOf\":{\"@id\":\"https:\\\/\\\/www.ebra-semoir.fr\\\/#website\"},\"primaryImageOfPage\":{\"@id\":\"https:\\\/\\\/www.ebra-semoir.fr\\\/produit\\\/complement-pour-deuxieme-paire-de-roues-porteuses\\\/#primaryimage\"},\"image\":{\"@id\":\"https:\\\/\\\/www.ebra-semoir.fr\\\/produit\\\/complement-pour-deuxieme-paire-de-roues-porteuses\\\/#primaryimage\"},\"thumbnailUrl\":\"https:\\\/\\\/www.ebra-semoir.fr\\\/wp-content\\\/uploads\\\/2025\\\/11\\\/15-scaled.jpg\",\"datePublished\":\"2025-11-22T09:00:39+00:00\",\"dateModified\":\"2026-02-08T14:52:16+00:00\",\"breadcrumb\":{\"@id\":\"https:\\\/\\\/www.ebra-semoir.fr\\\/produit\\\/complement-pour-deuxieme-paire-de-roues-porteuses\\\/#breadcrumb\"},\"inLanguage\":\"en-US\",\"potentialAction\":[{\"@type\":\"ReadAction\",\"target\":[\"https:\\\/\\\/www.ebra-semoir.fr\\\/produit\\\/complement-pour-deuxieme-paire-de-roues-porteuses\\\/\"]}]},{\"@type\":\"ImageObject\",\"inLanguage\":\"en-US\",\"@id\":\"https:\\\/\\\/www.ebra-semoir.fr\\\/produit\\\/complement-pour-deuxieme-paire-de-roues-porteuses\\\/#primaryimage\",\"url\":\"https:\\\/\\\/www.ebra-semoir.fr\\\/wp-content\\\/uploads\\\/2025\\\/11\\\/15-scaled.jpg\",\"contentUrl\":\"https:\\\/\\\/www.ebra-semoir.fr\\\/wp-content\\\/uploads\\\/2025\\\/11\\\/15-scaled.jpg\",\"width\":2560,\"height\":1440,\"caption\":\"DCIM100MEDIADJI_0498.JPG\"},{\"@type\":\"BreadcrumbList\",\"@id\":\"https:\\\/\\\/www.ebra-semoir.fr\\\/produit\\\/complement-pour-deuxieme-paire-de-roues-porteuses\\\/#breadcrumb\",\"itemListElement\":[{\"@type\":\"ListItem\",\"position\":1,\"name\":\"Accueil\",\"item\":\"https:\\\/\\\/www.ebra-semoir.fr\\\/\"},{\"@type\":\"ListItem\",\"position\":2,\"name\":\"Boutique en ligne\",\"item\":\"https:\\\/\\\/www.ebra-semoir.fr\\\/boutique-en-ligne\\\/\"},{\"@type\":\"ListItem\",\"position\":3,\"name\":\"Pour 2\u00e8 paire roues porteuses\"}]},{\"@type\":\"WebSite\",\"@id\":\"https:\\\/\\\/www.ebra-semoir.fr\\\/#website\",\"url\":\"https:\\\/\\\/www.ebra-semoir.fr\\\/\",\"name\":\"Semoirs Ebra\",\"description\":\"Ebra - Les Semoirs de Pr\u00e9cision\",\"publisher\":{\"@id\":\"https:\\\/\\\/www.ebra-semoir.fr\\\/#organization\"},\"potentialAction\":[{\"@type\":\"SearchAction\",\"target\":{\"@type\":\"EntryPoint\",\"urlTemplate\":\"https:\\\/\\\/www.ebra-semoir.fr\\\/?s={search_term_string}\"},\"query-input\":{\"@type\":\"PropertyValueSpecification\",\"valueRequired\":true,\"valueName\":\"search_term_string\"}}],\"inLanguage\":\"en-US\"},{\"@type\":\"Organization\",\"@id\":\"https:\\\/\\\/www.ebra-semoir.fr\\\/#organization\",\"name\":\"Semoirs Ebra\",\"url\":\"https:\\\/\\\/www.ebra-semoir.fr\\\/\",\"logo\":{\"@type\":\"ImageObject\",\"inLanguage\":\"en-US\",\"@id\":\"https:\\\/\\\/www.ebra-semoir.fr\\\/#\\\/schema\\\/logo\\\/image\\\/\",\"url\":\"https:\\\/\\\/www.ebra-semoir.fr\\\/wp-content\\\/uploads\\\/2018\\\/05\\\/logo-ebra-white.png\",\"contentUrl\":\"https:\\\/\\\/www.ebra-semoir.fr\\\/wp-content\\\/uploads\\\/2018\\\/05\\\/logo-ebra-white.png\",\"width\":208,\"height\":78,\"caption\":\"Semoirs Ebra\"},\"image\":{\"@id\":\"https:\\\/\\\/www.ebra-semoir.fr\\\/#\\\/schema\\\/logo\\\/image\\\/\"}}]}<\/script>\n<!-- \/ Yoast SEO plugin. -->","yoast_head_json":{"title":"Pour 2\u00e8 paire roues porteuses - Semoirs Ebra","robots":{"index":"index","follow":"follow","max-snippet":"max-snippet:-1","max-image-preview":"max-image-preview:large","max-video-preview":"max-video-preview:-1"},"canonical":"https:\/\/www.ebra-semoir.fr\/en\/product\/complement-pour-deuxieme-paire-de-roues-porteuses\/","og_locale":"en_US","og_type":"article","og_title":"Pour 2\u00e8 paire roues porteuses - Semoirs Ebra","og_description":"Compl\u00e9ment pour deuxi\u00e8me paire de roues porteuses. En semoir MS 23 \u00e0 double ligne, il est recommand\u00e9 d'ajouter une 2\u00e8me paire de roues porteuses pour en am\u00e9liorer le r\u00e9glage en hauteur et donc la bonne hauteur de fonctionnement.","og_url":"https:\/\/www.ebra-semoir.fr\/en\/product\/complement-pour-deuxieme-paire-de-roues-porteuses\/","og_site_name":"Semoirs Ebra","article_modified_time":"2026-02-08T14:52:16+00:00","og_image":[{"width":2560,"height":1440,"url":"https:\/\/www.ebra-semoir.fr\/wp-content\/uploads\/2025\/11\/15-scaled.jpg","type":"image\/jpeg"}],"twitter_card":"summary_large_image","twitter_misc":{"Est. reading time":"1 minute"},"schema":{"@context":"https:\/\/schema.org","@graph":[{"@type":"WebPage","@id":"https:\/\/www.ebra-semoir.fr\/produit\/complement-pour-deuxieme-paire-de-roues-porteuses\/","url":"https:\/\/www.ebra-semoir.fr\/produit\/complement-pour-deuxieme-paire-de-roues-porteuses\/","name":"Pour 2\u00e8 paire roues porteuses - Semoirs Ebra","isPartOf":{"@id":"https:\/\/www.ebra-semoir.fr\/#website"},"primaryImageOfPage":{"@id":"https:\/\/www.ebra-semoir.fr\/produit\/complement-pour-deuxieme-paire-de-roues-porteuses\/#primaryimage"},"image":{"@id":"https:\/\/www.ebra-semoir.fr\/produit\/complement-pour-deuxieme-paire-de-roues-porteuses\/#primaryimage"},"thumbnailUrl":"https:\/\/www.ebra-semoir.fr\/wp-content\/uploads\/2025\/11\/15-scaled.jpg","datePublished":"2025-11-22T09:00:39+00:00","dateModified":"2026-02-08T14:52:16+00:00","breadcrumb":{"@id":"https:\/\/www.ebra-semoir.fr\/produit\/complement-pour-deuxieme-paire-de-roues-porteuses\/#breadcrumb"},"inLanguage":"en-US","potentialAction":[{"@type":"ReadAction","target":["https:\/\/www.ebra-semoir.fr\/produit\/complement-pour-deuxieme-paire-de-roues-porteuses\/"]}]},{"@type":"ImageObject","inLanguage":"en-US","@id":"https:\/\/www.ebra-semoir.fr\/produit\/complement-pour-deuxieme-paire-de-roues-porteuses\/#primaryimage","url":"https:\/\/www.ebra-semoir.fr\/wp-content\/uploads\/2025\/11\/15-scaled.jpg","contentUrl":"https:\/\/www.ebra-semoir.fr\/wp-content\/uploads\/2025\/11\/15-scaled.jpg","width":2560,"height":1440,"caption":"DCIM100MEDIADJI_0498.JPG"},{"@type":"BreadcrumbList","@id":"https:\/\/www.ebra-semoir.fr\/produit\/complement-pour-deuxieme-paire-de-roues-porteuses\/#breadcrumb","itemListElement":[{"@type":"ListItem","position":1,"name":"Accueil","item":"https:\/\/www.ebra-semoir.fr\/"},{"@type":"ListItem","position":2,"name":"Boutique en ligne","item":"https:\/\/www.ebra-semoir.fr\/boutique-en-ligne\/"},{"@type":"ListItem","position":3,"name":"Pour 2\u00e8 paire roues porteuses"}]},{"@type":"WebSite","@id":"https:\/\/www.ebra-semoir.fr\/#website","url":"https:\/\/www.ebra-semoir.fr\/","name":"Semoirs Ebra","description":"Ebra - Les Semoirs de Pr\u00e9cision","publisher":{"@id":"https:\/\/www.ebra-semoir.fr\/#organization"},"potentialAction":[{"@type":"SearchAction","target":{"@type":"EntryPoint","urlTemplate":"https:\/\/www.ebra-semoir.fr\/?s={search_term_string}"},"query-input":{"@type":"PropertyValueSpecification","valueRequired":true,"valueName":"search_term_string"}}],"inLanguage":"en-US"},{"@type":"Organization","@id":"https:\/\/www.ebra-semoir.fr\/#organization","name":"Semoirs Ebra","url":"https:\/\/www.ebra-semoir.fr\/","logo":{"@type":"ImageObject","inLanguage":"en-US","@id":"https:\/\/www.ebra-semoir.fr\/#\/schema\/logo\/image\/","url":"https:\/\/www.ebra-semoir.fr\/wp-content\/uploads\/2018\/05\/logo-ebra-white.png","contentUrl":"https:\/\/www.ebra-semoir.fr\/wp-content\/uploads\/2018\/05\/logo-ebra-white.png","width":208,"height":78,"caption":"Semoirs Ebra"},"image":{"@id":"https:\/\/www.ebra-semoir.fr\/#\/schema\/logo\/image\/"}}]}},"_links":{"self":[{"href":"https:\/\/www.ebra-semoir.fr\/en\/wp-json\/wp\/v2\/product\/27113","targetHints":{"allow":["GET"]}}],"collection":[{"href":"https:\/\/www.ebra-semoir.fr\/en\/wp-json\/wp\/v2\/product"}],"about":[{"href":"https:\/\/www.ebra-semoir.fr\/en\/wp-json\/wp\/v2\/types\/product"}],"replies":[{"embeddable":true,"href":"https:\/\/www.ebra-semoir.fr\/en\/wp-json\/wp\/v2\/comments?post=27113"}],"version-history":[{"count":4,"href":"https:\/\/www.ebra-semoir.fr\/en\/wp-json\/wp\/v2\/product\/27113\/revisions"}],"predecessor-version":[{"id":28779,"href":"https:\/\/www.ebra-semoir.fr\/en\/wp-json\/wp\/v2\/product\/27113\/revisions\/28779"}],"wp:featuredmedia":[{"embeddable":true,"href":"https:\/\/www.ebra-semoir.fr\/en\/wp-json\/wp\/v2\/media\/27114"}],"wp:attachment":[{"href":"https:\/\/www.ebra-semoir.fr\/en\/wp-json\/wp\/v2\/media?parent=27113"}],"wp:term":[{"taxonomy":"product_brand","embeddable":true,"href":"https:\/\/www.ebra-semoir.fr\/en\/wp-json\/wp\/v2\/product_brand?post=27113"},{"taxonomy":"product_cat","embeddable":true,"href":"https:\/\/www.ebra-semoir.fr\/en\/wp-json\/wp\/v2\/product_cat?post=27113"},{"taxonomy":"product_tag","embeddable":true,"href":"https:\/\/www.ebra-semoir.fr\/en\/wp-json\/wp\/v2\/product_tag?post=27113"}],"curies":[{"name":"wp","href":"https:\/\/api.w.org\/{rel}","templated":true}]}}

Pour 2è paire roues porteuses

<p>Complément pour deuxième paire de roues porteuses. En semoir MS 23 à double ligne, il est recommandé d&rsquo;ajouter une 2ème paire de roues porteuses pour en améliorer le réglage en hauteur et donc la bonne hauteur de fonctionnement.</p>

<!-- This site is optimized with the Yoast SEO plugin v27.4 - https://yoast.com/product/yoast-seo-wordpress/ -->
<title>Pour 2è paire roues porteuses - Semoirs Ebra</title>
<meta name="robots" content="index, follow, max-snippet:-1, max-image-preview:large, max-video-preview:-1" />
<link rel="canonical" href="https://www.ebra-semoir.fr/en/product/complement-pour-deuxieme-paire-de-roues-porteuses/" />
<meta property="og:locale" content="en_US" />
<meta property="og:type" content="article" />
<meta property="og:title" content="Pour 2è paire roues porteuses - Semoirs Ebra" />
<meta property="og:description" content="Complément pour deuxième paire de roues porteuses. En semoir MS 23 à double ligne, il est recommandé d&#039;ajouter une 2ème paire de roues porteuses pour en améliorer le réglage en hauteur et donc la bonne hauteur de fonctionnement." />
<meta property="og:url" content="https://www.ebra-semoir.fr/en/product/complement-pour-deuxieme-paire-de-roues-porteuses/" />
<meta property="og:site_name" content="Semoirs Ebra" />
<meta property="article:modified_time" content="2026-02-08T14:52:16+00:00" />
<meta property="og:image" content="https://www.ebra-semoir.fr/wp-content/uploads/2025/11/15-scaled.jpg" />
	<meta property="og:image:width" content="2560" />
	<meta property="og:image:height" content="1440" />
	<meta property="og:image:type" content="image/jpeg" />
<meta name="twitter:card" content="summary_large_image" />
<meta name="twitter:label1" content="Est. reading time" />
	<meta name="twitter:data1" content="1 minute" />
<script type="application/ld+json" class="yoast-schema-graph">{"@context":"https:\/\/schema.org","@graph":[{"@type":"WebPage","@id":"https:\/\/www.ebra-semoir.fr\/produit\/complement-pour-deuxieme-paire-de-roues-porteuses\/","url":"https:\/\/www.ebra-semoir.fr\/produit\/complement-pour-deuxieme-paire-de-roues-porteuses\/","name":"Pour 2è paire roues porteuses - Semoirs Ebra","isPartOf":{"@id":"https:\/\/www.ebra-semoir.fr\/#website"},"primaryImageOfPage":{"@id":"https:\/\/www.ebra-semoir.fr\/produit\/complement-pour-deuxieme-paire-de-roues-porteuses\/#primaryimage"},"image":{"@id":"https:\/\/www.ebra-semoir.fr\/produit\/complement-pour-deuxieme-paire-de-roues-porteuses\/#primaryimage"},"thumbnailUrl":"https:\/\/www.ebra-semoir.fr\/wp-content\/uploads\/2025\/11\/15-scaled.jpg","datePublished":"2025-11-22T09:00:39+00:00","dateModified":"2026-02-08T14:52:16+00:00","breadcrumb":{"@id":"https:\/\/www.ebra-semoir.fr\/produit\/complement-pour-deuxieme-paire-de-roues-porteuses\/#breadcrumb"},"inLanguage":"en-US","potentialAction":[{"@type":"ReadAction","target":["https:\/\/www.ebra-semoir.fr\/produit\/complement-pour-deuxieme-paire-de-roues-porteuses\/"]}]},{"@type":"ImageObject","inLanguage":"en-US","@id":"https:\/\/www.ebra-semoir.fr\/produit\/complement-pour-deuxieme-paire-de-roues-porteuses\/#primaryimage","url":"https:\/\/www.ebra-semoir.fr\/wp-content\/uploads\/2025\/11\/15-scaled.jpg","contentUrl":"https:\/\/www.ebra-semoir.fr\/wp-content\/uploads\/2025\/11\/15-scaled.jpg","width":2560,"height":1440,"caption":"DCIM100MEDIADJI_0498.JPG"},{"@type":"BreadcrumbList","@id":"https:\/\/www.ebra-semoir.fr\/produit\/complement-pour-deuxieme-paire-de-roues-porteuses\/#breadcrumb","itemListElement":[{"@type":"ListItem","position":1,"name":"Accueil","item":"https:\/\/www.ebra-semoir.fr\/"},{"@type":"ListItem","position":2,"name":"Boutique en ligne","item":"https:\/\/www.ebra-semoir.fr\/boutique-en-ligne\/"},{"@type":"ListItem","position":3,"name":"Pour 2è paire roues porteuses"}]},{"@type":"WebSite","@id":"https:\/\/www.ebra-semoir.fr\/#website","url":"https:\/\/www.ebra-semoir.fr\/","name":"Semoirs Ebra","description":"Ebra - Les Semoirs de Précision","publisher":{"@id":"https:\/\/www.ebra-semoir.fr\/#organization"},"potentialAction":[{"@type":"SearchAction","target":{"@type":"EntryPoint","urlTemplate":"https:\/\/www.ebra-semoir.fr\/?s={search_term_string}"},"query-input":{"@type":"PropertyValueSpecification","valueRequired":true,"valueName":"search_term_string"}}],"inLanguage":"en-US"},{"@type":"Organization","@id":"https:\/\/www.ebra-semoir.fr\/#organization","name":"Semoirs Ebra","url":"https:\/\/www.ebra-semoir.fr\/","logo":{"@type":"ImageObject","inLanguage":"en-US","@id":"https:\/\/www.ebra-semoir.fr\/#\/schema\/logo\/image\/","url":"https:\/\/www.ebra-semoir.fr\/wp-content\/uploads\/2018\/05\/logo-ebra-white.png","contentUrl":"https:\/\/www.ebra-semoir.fr\/wp-content\/uploads\/2018\/05\/logo-ebra-white.png","width":208,"height":78,"caption":"Semoirs Ebra"},"image":{"@id":"https:\/\/www.ebra-semoir.fr\/#\/schema\/logo\/image\/"}}]}</script>
<!-- / Yoast SEO plugin. -->

Pour 2è paire roues porteuses - Semoirs Ebra

Complément pour deuxième paire de roues porteuses. En semoir MS 23 à double ligne, il est recommandé d'ajouter une 2ème paire de roues porteuses pour en améliorer le réglage en hauteur et donc la bonne hauteur de fonctionnement.

Ebra - Les Semoirs de Précision
